d = -3 + n. Let p be (-2 - 1) + 1 - -3. Calculate the greatest common factor of p and d.
1
Let p = -53 - -64. What is the highest common divisor of p and 33?
11
Suppose -5*c + 33 = t - 110, -2*c + 518 = 4*t. Let f = 52 - 36. Calculate the highest common divisor of f and t.
16
Let v(n) = -13*n**3 + 2*n + 1. Let q be -1 + 1 + (-2)/2. Let t be v(q). What is the highest common factor of 60 and t?
12
Let l be (-4)/((-8)/150) + 0. What is the highest common divisor of l and 50?
25
Suppose -2*d + 3*d - 10 = 0. Let g be 2/(-9) - 992/(-9). Suppose l = 2*l - g. Calculate the greatest common divisor of d and l.
10
Let x(n) = -14 - n**2 - 8*n + 1 - 3*n. Let l be x(-9). Suppose -5*f + 160 = -l*g, 2*g + 3 = -1. Calculate the highest common divisor of f and 10.
10
Let y be 6*32/6 + (-1 - -1). What is the greatest common divisor of y and 80?
16
Let h be -1 - -1 - (-2 + 0). Let j(s) = -14*s - 1. Let z be j(-1). Let c = z - 8. Calculate the greatest common factor of h and c.
1
Let d be 1 + 2 + -4 + 2. Let c be (32/3)/(d/3). What is the greatest common factor of c and 4?
4
Let w(v) = -v + 6. Let c be w(5). Let s be c*(2 - (-3 - -1)). Suppose -s*y + 5*t = -13, 0 = -9*y + 4*y + 4*t + 14. What is the highest common factor of y and 4?
2
Suppose -2*p = -23 + 13. Calculate the greatest common factor of p and 35.
5
Let k(u) = -u**3 - 12*u**2 - 2*u - 13. Let r be k(-12). Let x = 11 - r. Let l be 1*-2*(-3 - x). What is the greatest common factor of 48 and l?
6
Let h(v) = -16*v. Let k be h(-1). Suppose -3*s - 3*p = -8*s + 560, 5*s = -5*p + 560. Calculate the highest common divisor of k and s.
16
Suppose 2*n + 506 = -3*o - 2*o, -5*n + o = 1238. Let b be 2/7 + n/(-14). Let w be 1784/9*1 - 20/90. What is the greatest common divisor of b and w?
18
Suppose 5*q - 18 = 2*a + 5, -3*a = -q + 15. Suppose -5*j = q*n - 88 + 8, -2*j + 41 = 3*n. Calculate the greatest common divisor of 91 and j.
13
Let l(q) = q**3 + 4*q**2 - 7*q - 6. Let p be l(-5). Let x = 24 - p. Suppose 3*r - 2*w = 2*r + 18, w + x = r. Calculate the highest common divisor of 176 and r.
22
Let a be (13/2 - 4)*6. What is the highest common divisor of 5 and a?
5
Suppose -2*u - 3*g = -38, -3*u = 2*g - 10 - 37. Calculate the highest common factor of 13 and u.
13
Let n(r) = -r**2 + 20*r - 3. Let h be n(8). Suppose 0 = 4*y - 20, -2*o - y = 2*o - h. Calculate the greatest common divisor of o and 22.
22
Suppose 2*c - 237 = -3*s + 5*c, -3*s = -5*c - 235. Suppose -5*q + 104 = -56. Calculate the greatest common factor of q and s.
16
Suppose 4*f = 2*f + 40. Let a(o) = -10*o - 70. Let r be a(-12). What is the greatest common divisor of f and r?
10
Let i(r) = r**2 - 23*r + 30. Let u(a) = a**2 - 12*a + 15. Let h(o) = -3*i(o) + 5*u(o). Let v be h(-9). Calculate the highest common divisor of 44 and v.
22
Suppose 3*q = 4*y + 4, -q = q - 8. Let j be 3/(y*(-3)/4). Let l be ((-4)/j)/((-2)/(-5)). Calculate the greatest common divisor of l and 25.
5
Suppose 2*v = -3*v + 145. Suppose -4*c + v = -3. Calculate the greatest common factor of 32 and c.
8
Suppose c - 15 = 219. Suppose 6*j - c = 4*j. Calculate the highest common divisor of 13 and j.
13
Let z be 3/(-9)*-3*-29. Let t = z + 40. Calculate the greatest common factor of 33 and t.
11
Suppose k = -b - 1, -2*b - 5*k + 3 = -7. Let p be (-94)/b + (-3)/(-15). Calculate the greatest common factor of p and 133.
19
Let i(h) = h**3 - 9*h**2 + 13*h + 8. Let m be i(8). What is the greatest common divisor of m and 72?
24
Suppose -f + 160 = 5*t, f - 5*f = 5*t - 145. What is the greatest common factor of 22 and t?
11
Let n(m) = 4*m**2 + 4*m - 10. Let t be n(-3). What is the greatest common divisor of t and 56?
14
Suppose 2*w + 8 = -q, w + 1 = -2*q - 0*q. Suppose 5*x = 2*a + 272, -x - a - 52 = -q*x. Let k = 6 + 2. What is the highest common divisor of k and x?
8
Let c = 213 + -28. Calculate the greatest common factor of c and 37.
37
Let u be (2 - 8)/((-12)/9 + 1). Calculate the greatest common divisor of 126 and u.
18
Suppose -5*g - 8 = j - 46, -3*g = -3*j + 78. Calculate the greatest common divisor of j and 4.
4
Let x(q) be the first derivative of -q**3/3 + 4*q**2 + 6*q + 2. Let c be x(6). What is the highest common divisor of 126 and c?
18
Let g be (3 + 0)/((-9)/(-15)). Suppose c - 17 - g = 0. Calculate the highest common divisor of 2 and c.
2
Let g(f) = -f**3 + f**2 - f + 4. Let n be (-1)/(-2) - 1/2. Let x be g(n). Let z = -2 + 4. What is the greatest common divisor of x and z?
2
Suppose 16 = -3*j + 70. What is the highest common factor of j and 18?
18
Suppose -58 = -3*r + 26. Suppose 2*i + i = 15. Suppose q - i*q + r = 0. What is the greatest common factor of 35 and q?
7
Let u(x) = -12*x. Let n be u(-2). Let k(m) = 2*m**2 + 4. Let i be (-6)/(-4) + 11/(-2). Let g be k(i). Calculate the greatest common divisor of n and g.
12
Suppose 2*s = 0, 5*z - 5*s - 315 = -0*z. Let u = 56 - 49. What is the highest common divisor of u and z?
7
Let w = 17 + -12. Suppose v - 5 = -5*o + 11, -w*v + 20 = 5*o. Let z be (-1)/3 + 31/o. Calculate the greatest common divisor of z and 5.
5
Suppose 4*b - 5*q - 49 = 106, 5*q - 5 = 0. What is the greatest common divisor of 20 and b?
20
Let i be (4/(-18))/((-6)/54). Suppose -5*a = -3*d - 13, 5*a + d - 41 = -12. Calculate the greatest common factor of a and i.
1
Let g = -31 - -61. Calculate the highest common factor of 210 and g.
30
Suppose 4*g - 3*g - 2 = 0. Suppose 4*b - 43 = c, -5*b - g*c = c - 58. Calculate the greatest common divisor of b and 55.
11
Suppose 7 = x + 2*q, 0*q = 2*q - 4. Suppose x*w = w + 22. Let r be (-2)/3 + (-202)/(-6). What is the greatest common divisor of w and r?
11
Let m(a) = -120*a + 2. Let c be m(-3). Let q = c - 250. Let g be 17 + (-5)/(10/6). Calculate the greatest common divisor of q and g.
14
Suppose 2*k = 4*c - 18, c + 5*k = k. Suppose -t - 2*t + c*o = -764, 3*o - 233 = -t. What is the greatest common divisor of t and 31?
31
Let s(d) = 17*d**2 - d - 1. Let a be s(-2). Let v = -15 + a. Let b(o) = 2*o**3 - 6*o**2 + o. Let m be b(4). What is the highest common divisor of m and v?
18
Suppose 2*a - 2 = -3*n - 6, -3*n - 9 = -3*a. Calculate the greatest common divisor of 5 and a.
1
Let r = -150 + 343. Suppose 95 + r = 4*q. What is the greatest common factor of 9 and q?
9
Let g(k) = -2*k - 4*k + 2 + 0*k - k. Let t be g(-6). Calculate the highest common factor of 11 and t.
11
Let s(z) = -2*z + 10. Let l be s(4). Calculate the greatest common divisor of 10 and l.
2
Let k(j) = j**3 + 4*j**2 - 2*j - 2. Let d be k(-3). Let w be (-2)/7 + 120/(-21). Let l = w - -58. Calculate the highest common divisor of d and l.
13
Suppose 3*z - 37 = 47. What is the greatest common divisor of z and 252?
28
Let p(j) = j + 2. Let r be p(0). Suppose -r*f = 4*h - 0 - 40, -4*f = h - 10. Suppose -4*g = -7*g + 240. What is the highest common divisor of h and g?
10
Suppose 0 = -c - 5 + 1, 0 = 4*z - 4*c - 28. Let m be (14/z)/(4/6). Let k = -10 + 38. What is the greatest common divisor of k and m?
7
Let g be (2 + 1)/(3/4). Suppose -5*a + 132 = 2*l, -g*a + 47 = 4*l - 61. Calculate the greatest common factor of 52 and a.
26
Let i(q) = -q**3 + q**2 + 3*q + 8. Let s be i(0). Calculate the greatest common factor of 56 and s.
8
Let u be 4*5/20 + 1*7. What is the highest common divisor of 32 and u?
8
Let u(c) be the second derivative of -5*c**3/6 + 9*c**2/2 - 8*c. Let o be u(-9). Calculate the highest common factor of o and 6.
6
Let a(x) = 2*x**2 + 12*x + 7. Let s be a(-8). Calculate the greatest common factor of s and 78.
39
Let a = -108 + 140. Calculate the greatest common factor of 32 and a.
32
Let x(u) = -u**2 - u + 6. Let r be x(0). Calculate the highest common divisor of 4 and r.
2
Let w(z) = -1 + 9*z - 3*z + z. Let b be w(4). Let j = 16 - 13. What is the highest common divisor of b and j?
3
Suppose -4*y + 63 = t - 4*t, 3*y = 2*t + 48. Suppose -5*p = -4*u + 34, 3*p - 3 + 15 = u. What is the greatest common divisor of y and u?
6
Let m be 38 + 5/(5/(-2)). What is the highest common factor of m and 72?
36
Let d(j) = j + 16. Let v be d(-11). Let m be v*(-2 + (-74)/(-5)). Let n = 6 + 10. Calculate the greatest common divisor of m and n.
16
Suppose o + 2 + 0 = 0. Let c be -3*(102/(-9) + o). Suppose 3*y - 10 = y. Calculate the greatest common divisor of y and c.
5
Let m(s) = -s**2 - 10*s 